n 39 is divided by g.
9
Let i(k) = 20*k + 1. Let v = 56 - 50. Suppose -v*r = -11*r + 55. Calculate the remainder when i(1) is divided by r.
10
Let t be (-72)/(-10)*100/15. Let f = t - 5. What is the remainder when f is divided by 17?
9
Let m = -828 - -880. Calculate the remainder when 154 is divided by m.
50
Suppose 19 = -s + 40. Calculate the remainder when 78 is divided by s.
15
Suppose -4*c = -2*c - 6. Let r(p) = 0*p - c*p - 6*p + 3 - p. What is the remainder when r(-3) is divided by 12?
9
Suppose q - 28 = -5*f, -3*q + 2*f + 14 = 3*f. Calculate the remainder when 28 is divided by 44/8 + q/(-6).
3
Suppose 4*t + 6 = -2, x + 4*t + 3 = 0. Suppose -3*w + 2*p = -74, 5*w - x*p = 3*w + 31. What is the remainder when w is divided by 11?
6
What is the remainder when (-5)/(-1) - (-29 + -49) is divided by 18?
11
Let t(f) = -2*f**2 - 20*f - 6. What is the remainder when 59 is divided by t(-9)?
11
Let n = 2740 + -2694. What is the remainder when -1*454/(-2) - 0 is divided by n?
43
What is the remainder when 113 is divided by 12/36 + 537/9?
53
Suppose -85 + 30 = -11*n. What is the remainder when 198 is divided by n?
3
Let n be 7/(35/(-6))*-10. Suppose 9*r + n = 12*r. Calculate the remainder when 6 is divided by (1 + 5)*2/r.
0
Suppose 5*n - 5*s - 2480 = 0, 3*n + 1463 = 6*n + 2*s. Calculate the remainder when n is divided by 15.
11
Suppose 3*r + 5*g = 25, -2*r + 2*g - 7*g = -10. Let w(d) = d**3 - 14*d**2 + d - 27. Calculate the remainder when w(r) is divided by 43.
41
Let b = 14 + 6. What is the remainder when b is divided by 3/2*(-13)/((-117)/42)?
6
Suppose 6*f - f - 5*u = 40, 4*f - u = 20. Suppose 2*a + 3*h = 156, -20 = -f*h - 4. What is the remainder when a is divided by (-36)/(-2) + (5 - 4)?
15
Let g(w) = 48*w - 40. Let x(o) = -2*o + 18. Let f be x(8). Let a(y) = -y + 1. Let q(h) = f*g(h) + 88*a(h). Calculate the remainder when q(4) is divided by 14.
12
Let u = -5894 + 5906. Suppose 42 = -d + 3*d. What is the remainder when d is divided by u?
9
Suppose 3*t + 52 = 2*t. Calculate the remainder when (1 - 3) + (-80)/(-2) is divided by t/8*(5 + -7).
12
Suppose -u + 290 = u. Suppose 0 = 4*n - v - u, 3*n + v + 109 = 6*n. Calculate the remainder when 71 is divided by n.
35
Let c(d) = 7*d**2 - 4*d - 3. Calculate the remainder when c(-2) is divided by 26/(-117) + 14/(-18) - (6 + -20).
7
Calculate the remainder when (104/(-13) + 12)*(-230)/(-4) is divided by 106.
18
Let m(k) = -k**3 - 7*k**2 - 7*k - 2. Let g be m(-6). Suppose -g*x - 4*q + 68 = 0, 3*q = -4*x + 7*q + 76. Calculate the remainder when x is divided by 5.
3
Let a be -2*(6/4 + -1). Let h be (-4)/(-2 - a) + -2. Suppose -h*u = -5*y + 3*u + 160, -5*y - u = -130. Calculate the remainder when y is divided by 14.
13
Let r(l) = 4*l**2 - 8*l + 9. What is the remainder when r(7) is divided by 25?
24
Let h = 251 - 244. What is the remainder when 15 is divided by h?
1
Suppose -3*w = -5*j + 173, -w = j - 22 - 11. Let b = -47 + 27. Let i = j + b. Calculate the remainder when 68 is divided by i.
12
Let s(p) = -p**3 + p**2 - 5*p - 3. Calculate the remainder when 30 is divided by s(-2).
11
Suppose 16*u - 45*u + 16*u = -221. Suppose y - 26 - 13 = 0. What is the remainder when y is divided by u?
5
Let f(i) = 3*i**3 - i. Let m be f(-1). Let z(j) = j**3 + 5*j**2 + j - 2. What is the remainder when 39 is divided by z(m)?
7
Let y = -60 - 19. Calculate the remainder when 72 is divided by y/(-3) - (-3 + (-50)/(-15)).
20
What is the remainder when 124 is divided by ((-936)/(-195))/(3/20)?
28
Let p(u) = -4*u + 7. Let t = -90 + 146. What is the remainder when t is divided by p(-3)?
18
Let x = 31 - -50. What is the remainder when x is divided by 6?
3
Let z = 1048 + -1020. What is the remainder when 1006 is divided by z?
26
Suppose -12*s + 9*s = -30. Let j be -13 + s - (-6)/2. Suppose j*f - 185 = -5*l + f, 0 = 4*f. What is the remainder when l is divided by 13?
11
Let s(k) = 3*k**2 - 21*k + 37. What is the remainder when s(6) is divided by 11?
8
Let w = -57 + 113. What is the remainder when w is divided by 29?
27
Let g(l) = 4*l**2 + l + 2. What is the remainder when (-293)/1172*(-175 - 1) is divided by g(-2)?
12
What is the remainder when ((-898)/(-4))/(23/46) is divided by 25?
24
Let s(a) = a**2 - 6*a - 14. Calculate the remainder when 70 is divided by s(10).
18
Suppose -2*c + 3*m = 6*m - 522, 5*c = 5*m + 1255. Let h = c - 40. Calculate the remainder when h is divided by 54.
53
Suppose 8*d + 255 = 11*d. Let l = d - 26. What is the remainder when l is divided by 15?
14
Suppose 0 = 5*w - 22 - 23. Let s = 15 - w. Suppose 8 + s = x. What is the remainder when 26 is divided by x?
12
Let a(u) = 517*u**3 - 3*u + 4. What is the remainder when a(1) is divided by 10?
8
What is the remainder when (-36)/(-24) + (-164)/(-8) is divided by (4 - -2)/(2/3)?
4
Calculate the remainder when 214 is divided by (-4)/(1/81*-6).
52
Let c(p) = p + 1. Let n be c(1). Let d be 11/(-3)*-1 - 59/(-177). Suppose -n = -d*k + 2*k. What is the remainder when 1 is divided by k?
0
Suppose -272 = 5*c + 243. Let t(s) = 15*s**2 - 14*s - 10. What is the remainder when c/(-3) - 2/(-3) is divided by t(-1)?
16
Let r(y) = -y + 43. Let g(i) be the first derivative of -7*i**2 + i + 3. Calculate the remainder when r(0) is divided by g(-1).
13
Suppose 60*q - 51609 = -10869. What is the remainder when q is divided by 34?
33
Let g(i) = -i**3 + 5*i**2 + 4*i + 7. Let s be 2/3*(-3 + 45). Let r = 45 - s. What is the remainder when g(-3) is divided by r?
16
Let d(m) = m**2 - 4*m - 3. Suppose 5*x = 9*x + 12. Calculate the remainder when d(x) is divided by 12.
6
Let f(l) = 4*l - 1. Let z be f(6). Let d = z + -9. What is the remainder when d is divided by 8?
6
Let d = 1 + 24. Let o = 68 + -112. Let u = o - -58. Calculate the remainder when d is divided by u.
11
Let g(v) be the first derivative of -v**3/3 - 9*v**2/2 + 2*v + 15. What is the remainder when 109 is divided by g(-5)?
21
Let r = -32 + 35. What is the remainder when (5/(-10))/(2/(-28)) is divided by r?
1
Let y(f) = -9*f + 17. Let r(t) = -4*t - 2. What is the remainder when y(-8) is divided by r(-8)?
29
Let r = 106 - 45. Suppose -2*c + r = -p, -p + 94 = 3*c - 3*p. What is the remainder when 10/(-4)*(-436)/10 is divided by c?
25
Suppose 0*l - 2*l - 2*q + 190 = 0, -20 = 4*q. Calculate the remainder when 205 is divided by l.
5
Let v(y) = -15 + 0 + 4*y - 45 + 13. Calculate the remainder when v(14) is divided by 2.
1
Let u(l) = -l**2 - 13*l - 15. Let t be u(-12). Suppose 2*k + 1 = -4*a + 17, a = 4*k + 13. Calculate the remainder when 1*((-39)/t - 0) is divided by a.
3
Suppose c = 4 + 10. Calculate the remainder when 38 is divided by c.
10
Let k(a) = a**2 + 5*a - 52. Suppose 153 = -0*b + 3*b + 3*j, 4*j = -16. What is the remainder when b is divided by k(-11)?
13
Let r(k) = 4*k - 12. Let n(j) = 2*j - 6. Let u(a) = -7*n(a) + 4*r(a). What is the remainder when 65 is divided by u(12)?
11
Let i(d) be the first derivative of 2*d**3/3 + d**2/2 + 9*d + 25. Calculate the remainder when i(-4) is divided by 13.
11
Suppose 60*j - 71*j = -1364. Calculate the remainder when j is divided by 110.
14
Suppose 2*d - m - 36 = m, -5*d - 2*m = -104. What is the remainder when 133 is divided by d?
13
Calculate the remainder when (-1)/(6/(-1140)) - 8 is divided by 15.
2
Suppose -4*x = -r - 36, 11 = 5*x + 26. Let i(s) = 6*s**2 - 2. Let j be i(4). Let y = r + j. Calculate the remainder when y is divided by 10.
6
Let g(a) = -a**2 + 52*a - 497. What is the remainder when g(14) is divided by 14?
7
Let k(p) = -4*p + 92. What is the remainder when k(14) is divided by 12?
0
Let g(w) be the first derivative of w**4/4 + 3*w**3 + 4*w**2 + 3*w - 2. Let o be g(-8). Suppose o*m - 10 = 5. What is the remainder when 14 is divided by m?
4
Let x = 5 - 3. Let q be ((-8)/(-10) + 1)/(15/25). Suppose 22 = 4*v - 2*a, -x*v + 0*a - q*a + 7 = 0. Calculate the remainder when 17 is divided by v.
2
Suppose -3677 = -6*h - 917. Calculate the remainder when h is divided by 66.
64
Let k = -1470 + 1556. What is the remainder when 337 is divided by k?
79
Let g(k) = k + 5. Let t be g(-4). What is the remainder when 33 is divided by 140/15 + t/(-3)?
6
Let q = 914 + -896. What is the remainder when 24 is divided by q?
6
Suppose 5*f - 5*k - 205 = 0, -8 = 4*k - 24. Calculate the remainder when 16